487
In base 2, what is 11001101100 - -11100100000011110?
11100111010001010
In base 5, what is -2030440423 - -1?
-2030440422
In base 13, what is -19360cca - 1?
-19360ccb
In base 16, what is 2 - -bea4db?
bea4dd
In base 4, what is 11100 + -311321232?
-311310132
In base 8, what is 3 - -672211232?
672211235
In base 4, what is -102 - 12022102101?
-12022102203
In base 14, what is -128 + 13c72a?
13c602
In base 8, what is -4244 - -1624?
-2420
In base 7, what is 245200 - 164?
245003
In base 15, what is 323a50 + -1?
323a4e
In base 6, what is -53 + -3532533?
-3533030
In base 12, what is 31038 - 1811?
2b427
In base 15, what is -e + -8313e1?
-831400
In base 8, what is 1007363 + -25?
1007336
In base 16, what is -25 + c7183?
c715e
In base 9, what is -144 + -218047?
-218202
In base 15, what is e49d3 - -7de?
e52c2
In base 10, what is -5084 - 7337?
-12421
In base 5, what is 0 - -1021423003?
1021423003
In base 13, what is 244b2 + -42b0?
20202
In base 16, what is -67 + -4dfac?
-4e013
In base 6, what is -443 - 1541342?
-1542225
In base 2, what is 1110 - -10001011011001010110?
10001011011001100100
In base 12, what is 202738 - 11?
202727
In base 2, what is 10101010000100111 + 1010001000101?
10110100001101100
In base 12, what is ba37a + 7?
ba385
In base 8, what is 31 - -7454334?
7454365
In base 7, what is -4 + 2062112?
2062105
In base 11, what is -82260953 + 3?
-82260950
In base 13, what is 2 + -bb18a31?
-bb18a2c
In base 8, what is -275 + 70715?
70420
In base 8, what is 103 + 630152?
630255
In base 14, what is -15dcbd + 56?
-15dc67
In base 12, what is 15455b5 - -1a?
1545613
In base 16, what is -1 - 65ec66e?
-65ec66f
In base 16, what is -5a + -4d2b0?
-4d30a
In base 15, what is ac574 + -c9?
ac49a
In base 4, what is 31201 + 113310230?
120002031
In base 6, what is 44034350 - 114?
44034232
In base 8, what is 271 - -24371?
24662
In base 10, what is -147400324 - 5?
-147400329
In base 8, what is 6402464 - -2?
6402466
In base 4, what is -312300 + 131213013?
130300113
In base 8, what is -5 - 16330153?
-16330160
In base 10, what is 45439 - -2?
45441
In base 6, what is 414025153 + 3?
414025200
In base 3, what is -2200211 + -2122111?
-12100022
In base 6, what is -1 + -534313523?
-534313524
In base 3, what is 10200110020100 + -10?
10200110020020
In base 7, what is 3445021 + -56?
3444632
In base 2, what is -11110110000 + -100011011101101?
-100111010011101
In base 15, what is ea3d7 + 49?
ea431
In base 5, what is -10 - 23433233110?
-23433233120
In base 6, what is -11423541 + -23?
-11424004
In base 15, what is 0 - -d88d6?
d88d6
In base 14, what is 4ddaa + -206?
4dba4
In base 13, what is -4 - -2c97b189?
2c97b185
In base 2, what is -1110001110 - 101100101001011?
-101110011011001
In base 11, what is 22299 - 81?
22218
In base 16, what is 1f6e9 + 9e?
1f787
In base 15, what is 1c2b0 - 20be?
1a1e1
In base 8, what is -6 + -15533024?
-15533032
In base 14, what is 1a10a31 - -5?
1a10a36
In base 16, what is -c10a + 1574?
-ab96
In base 15, what is 19 + -3c0d?
-3be4
In base 4, what is -102300310 - 303220?
-103210130
In base 10, what is 46 + 2955397?
2955443
In base 9, what is 1 + 18367184?
18367185
In base 10, what is 129966010 - 4?
129966006
In base 3, what is 120 - -102200210111112?
102200210112002
In base 15, what is -38573 + 257?
-3831b
In base 13, what is -16973 - -3945?
-1302b
In base 8, what is 545 + -441215?
-440450
In base 6, what is -14532535 + -2043?
-14535022
In base 6, what is -13420512 - 20?
-13420532
In base 6, what is -3330310400 - 4?
-3330310404
In base 13, what is c + 2a57a2?
2a57b1
In base 11, what is -16a043 - -1048?
-168aa6
In base 8, what is 33022116 + 12?
33022130
In base 6, what is -240240 - 140?
-240420
In base 7, what is -153 - -1243162?
1243006
In base 14, what is -1 + c12ddad?
c12ddac
In base 7, what is -3235334 - 5322?
-3243656
In base 14, what is -b54 - -8d456?
8c702
In base 4, what is 32 + 3130121212?
3130121310
In base 7, what is -562022 + 234?
-561455
In base 2, what is -11110000011010000001 - 100101?
-11110000011010100110
In base 9, what is 358150 + 1561?
360721
In base 14, what is d05 + -33d9?
-24d4
In base 14, what is 41a4 - 37c80?
-33aba
In base 4, what is -33032 - -30033?
-2333
In base 6, what is -241225 + 421?
-240404
In base 11, what is 15676 + 113?
15789
In base 4, what is -31121233 + -1103?
-31123002
In base 4, what is 12 - 133203311033?
-133203311021
In base 7, what is -54242113 + 0?
-54242113
In base 11, what is 89a + 8984?
9773
In base 16, what is 904077c + -5?
9040777
In base 13, what is 3 + -410c52?
-410c4c
In base 2, what is 11111110110001010011 - -1101001?
11111110110010111100
In base 9, what is -2 + -15175181?
-15175183
In base 14, what is -5a53c37 - 5?
-5a53c3c
In base 14, what is 893192 + -2?
893190
In base 4, what is -30 - -122000101323?
122000101233
In base 2, what is 111000001 - -11000011011110?
11001010011111
In base 10, what is -2357 - -387790?
385433
In base 13, what is a5010 - -1b?
a502b
In base 10, what is 362 + -127300?
-126938
In base 7, what is 155425163 - 5?
155425155
In base 13, what is -2 + 6122c82?
6122c80
In base 11, what is 25476 + -7a0a?
18567
In base 15, what is -5908db + -5?
-5908e1
In base 11, what is 57688a + 67?
576946
In base 5, what is 1020011233 - -1?
1020011234
In base 9, what is 134471 - -720?
135301
In base 11, what is -1 - -33849367?
33849366
In base 2, what is -1010011 - 11110100100000111?
-11110100101011010
In base 6, what is 40444 + 30135?
111023
In base 13, what is -66a93b - -1?
-66a93a
In base 16, what is -4557 - -375?
-41e2
In base 9, what is 136304065 + 5?
136304071
In base 4, what is -20330 - 2333023011?
-2333110001
In base 6, what is 24 + -134330130?
-134330102
In base 11, what is -7351897 + 1?
-7351896
In base 14, what is -631b + -2529?
-8846
In base 12, what is 175 + -12976?
-12801
In base 12, what is 27 + -827648?
-827621
In base 5, what is 1 + 10212300104?
10212300110
In base 7, what is -21432 + 2451?
-15651
In base 10, what is -770711 + 55?
-770656
In base 8, what is 12023312 + -126?
12023164
In base 14, what is -1 + b48d1c5?
b48d1c4
In base 10, what is 2 - 532727?
-532725
In base 3, what is 12112 - -1002010112202?
1002010202021
In base 9, what is -4040108 - 3?
-4040112
In base 16, what is -a4338 + 8?
-a4330
In base 8, what is -23 - 3030056?
-3030101
In base 7, what is 444264654 - 5?
444264646
In base 9, what is -3 - -8374086?
8374083
In base 11, what is 1a + 3629104a?
36291069
In base 9, what is 526884 + 7385?
535380
In base 12, what is 546 - 826a5?
-8215b
In base 2, what is 1000100010000000011 + 11?
1000100010000000110
In base 14, what is -2 + 3d8384?
3d8382
In base 13, what is -21062610 - 8?
-21062618
In base 3, what is -102101011001120 + 21?
-102101011001022
In base 7, what is 50610 - -1215?
52125
In base 6, what is 13 - 53245240?
-53245223
In base 9, what is -582283 - -2375?
-578807
In base 16, what is 32713d07 - 1?
32713d06
In base 16, what is 7 + -120e4e?
-120e47
In base 14, what is b46955 - 36?
b4691d
In base 4, what is -10123133213 + -1?
-10123133220
In base 6, what is -154520 + -240525?
-435445
In base 11, what is -6752 + -17677?
-23319
In base 8, what is 55267 + 54730?
132217
In base 10, what is 1219 + 3585?
4804
In base 4, what is -10 - 21021323032130?
-21021323032200
In base 8, what is -215546041 + -2?
-215546043
In base 6, what is -212 - -13011003?
13010351
In base 12, what is -2 + 14305647?
14305645
In base 8, what is -116077 + -31325?
-147424
In base 3, what is 1110112021220 - 11022?
1110112010121
In base 13, what is 112 - -7976?
7a88
In base 4, what is -2 + 101001020223?
101001020221
In base 15, what is b + -13075?
-13069
In base 9, what is 4 - 250824?
-250820
In base 14, what is -47cd8 - 47?
-47d41
In base 7, what is 33412550014 + 3?
33412550020
In base 16, what is -168646 - -62?
-1685e4
In base 16, what is 10 - ce82d?
-ce81d
In base 7, what is -3 + -62654230?
-62654233
In base 15, what is -63e7 + -4498?
-a890
In base 15, what is 37431 + -2?
3742e
In base 5, what is 0 + 2424423122?
2424423122
In base 13, what is -2c59 - -1014?
-1c45
In base 12, what is 73a9 - -41b?
7808
In base 3, what is -12 - -100101122201022110?
100101122201022021
In base 4, what is 2233 + -2312332?
-2310033
In base 6, what is -15 + 240154153?
240154134
In base 2, what is 100111100111001001100101 - -100?
10011110